{"id":651,"date":"2024-07-21T22:08:22","date_gmt":"2024-07-21T20:08:22","guid":{"rendered":"https:\/\/maisonkaylash.com\/?post_type=product&#038;p=651"},"modified":"2026-02-20T22:45:47","modified_gmt":"2026-02-20T21:45:47","slug":"patch-ultra-adhesif-pour-les-yeux-rouleau-de-110-pieces","status":"publish","type":"product","link":"https:\/\/maisonkaylash.com\/index.php\/produit\/patch-ultra-adhesif-pour-les-yeux-rouleau-de-110-pieces\/","title":{"rendered":"Patch ultra adh\u00e9sif pour les yeux &#8211; Rouleau de 110 pi\u00e8ces"},"content":{"rendered":"<p class=\"x_p1\"><span class=\"x_s1\">\u2713 Forme ergonomique qui s&#8217;adapte \u00e0 la\u00a0majorit\u00e9 des yeux\u00a0<\/span><\/p>\n<p class=\"x_p1\"><span class=\"x_s1\">\u2713 Tr\u00e8s faciles \u00e0 appliquer, y compris pour des d\u00e9butant\u00b7e\u00b7s<\/span><\/p>\n<p class=\"x_p1\"><span class=\"x_s1\">\u2713 Une bande ultra adh\u00e9sive qui permet de bien maintenir l&#8217;oeil du\u00b7de la client\u00b7e bien ferm\u00e9 pr\u00e9venant des potentielles br\u00fblures chimiques.\u00a0<\/span><\/p>\n<p class=\"x_p2\">Nos patches sont vendus en rouleau de 110 pi\u00e8ces.<\/p>\n<p class=\"x_p1\">CONSEILS D\u2019UTILISATION<\/p>\n<ol class=\"x_ol1\">\n<li class=\"x_li1\"><span class=\"x_s1\">Nettoyez les cils et le contour des yeux avec notre<span class=\"x_s3\">\u00a0shampoing pour cils.\u00a0<\/span><\/span><\/li>\n<li class=\"x_li1\"><span class=\"x_s1\">Appliquez vos patches sur\u00a0<\/span>les yeux de votre client.e toujours ouverts, placez le patch sur les cils inf\u00e9rieurs.<\/li>\n<li class=\"x_li1\"><span class=\"x_s1\">Une fois les yeux ferm\u00e9s, tirez doucement la partie externe de la paupi\u00e8re vers le haut pour r\u00e9ajuster le patch.<\/span><\/li>\n<li class=\"x_li1\"><span class=\"x_s1\">Faites la m\u00eame chose sur l\u2019autre \u0153il.<\/span><\/li>\n<li class=\"x_li1\"><span class=\"x_s1\">Pour tous cils errants, utilisez un sparadrap chirurgical pour les coller et les fixer en place<\/span><\/li>\n<li class=\"x_li1\"><span class=\"x_s1\">Tirez doucement les paupi\u00e8res vers le haut pour v\u00e9rifier que tous les cils inf\u00e9rieurs sont cach\u00e9s et assurez-vous que votre client.e est \u00e0 l\u2019aise.<\/span><\/li>\n<li class=\"x_li1\"><span class=\"x_s1\">Continuez votre pr\u00e9 traitement en appliquant le<span class=\"x_s3\">\u00a0primer maison Kaylash<\/span>.<\/span><\/li>\n<\/ol>\n","protected":false},"excerpt":{"rendered":"<p class=\"x_p1\"><span class=\"x_s1\">Vous h\u00e9sitez face \u00e0 la vari\u00e9t\u00e9 des patches pour les yeux disponibles sur le march\u00e9 ? Maison Kaylash met\u00a0\u00e0 votre disposition la possibilit\u00e9 d&#8217;acheter un grand format de nos patches pour les yeux, afin de vous rendre la vie bien plus simple au quotidien lors de vos poses d\u2019extensions de cils.\u00a0<\/span><\/p>\n<p class=\"x_p1\"><span class=\"x_s1\">Les + de nos patches:\u00a0<\/span><\/p>\n","protected":false},"featured_media":1288,"comment_status":"open","ping_status":"closed","template":"","meta":[],"product_brand":[],"product_cat":[39],"product_tag":[],"class_list":{"0":"post-651","1":"product","2":"type-product","3":"status-publish","4":"has-post-thumbnail","6":"product_cat-accessoires","8":"first","9":"instock","10":"shipping-taxable","11":"purchasable","12":"product-type-simple"},"yoast_head":"<!-- This site is optimized with the Yoast SEO plugin v27.1.1 - https:\/\/yoast.com\/product\/yoast-seo-wordpress\/ -->\n<title>Patch ultra adh\u00e9sif pour les yeux - Rouleau de 110 pi\u00e8ces - Maison Kaylash<\/title>\n<meta name=\"description\" content=\"Nos rouleaux de match pour les yeux ultra-collants vous rendront la vie bien plus simple au quotidien lors de vos poses d\u2019extensions de cils.\u00a0\" \/>\n<meta name=\"robots\" content=\"index, follow, max-snippet:-1, max-image-preview:large, max-video-preview:-1\" \/>\n<link rel=\"canonical\" href=\"https:\/\/maisonkaylash.com\/index.php\/produit\/patch-ultra-adhesif-pour-les-yeux-rouleau-de-110-pieces\/\" \/>\n<meta property=\"og:locale\" content=\"en_US\" \/>\n<meta property=\"og:type\" content=\"article\" \/>\n<meta property=\"og:title\" content=\"Patch ultra adh\u00e9sif pour les yeux - Rouleau de 110 pi\u00e8ces - Maison Kaylash\" \/>\n<meta property=\"og:description\" content=\"Nos rouleaux de match pour les yeux ultra-collants vous rendront la vie bien plus simple au quotidien lors de vos poses d\u2019extensions de cils.\u00a0\" \/>\n<meta property=\"og:url\" content=\"https:\/\/maisonkaylash.com\/index.php\/produit\/patch-ultra-adhesif-pour-les-yeux-rouleau-de-110-pieces\/\" \/>\n<meta property=\"og:site_name\" content=\"Maison Kaylash\" \/>\n<meta property=\"article:modified_time\" content=\"2026-02-20T21:45:47+00:00\" \/>\n<meta property=\"og:image\" content=\"http:\/\/maisonkaylash.com\/wp-content\/uploads\/2024\/07\/IMG_6917-1.jpeg\" \/>\n\t<meta property=\"og:image:width\" content=\"1367\" \/>\n\t<meta property=\"og:image:height\" content=\"1367\" \/>\n\t<meta property=\"og:image:type\" content=\"image\/jpeg\" \/>\n<meta name=\"twitter:card\" content=\"summary_large_image\" \/>\n<meta name=\"twitter:label1\" content=\"Est. reading time\" \/>\n\t<meta name=\"twitter:data1\" content=\"2 minutes\" \/>\n<script type=\"application\/ld+json\" class=\"yoast-schema-graph\">{\"@context\":\"https:\/\/schema.org\",\"@graph\":[{\"@type\":\"WebPage\",\"@id\":\"https:\/\/maisonkaylash.com\/index.php\/produit\/patch-ultra-adhesif-pour-les-yeux-rouleau-de-110-pieces\/\",\"url\":\"https:\/\/maisonkaylash.com\/index.php\/produit\/patch-ultra-adhesif-pour-les-yeux-rouleau-de-110-pieces\/\",\"name\":\"Patch ultra adh\u00e9sif pour les yeux - Rouleau de 110 pi\u00e8ces - Maison Kaylash\",\"isPartOf\":{\"@id\":\"https:\/\/maisonkaylash.com\/#website\"},\"primaryImageOfPage\":{\"@id\":\"https:\/\/maisonkaylash.com\/index.php\/produit\/patch-ultra-adhesif-pour-les-yeux-rouleau-de-110-pieces\/#primaryimage\"},\"image\":{\"@id\":\"https:\/\/maisonkaylash.com\/index.php\/produit\/patch-ultra-adhesif-pour-les-yeux-rouleau-de-110-pieces\/#primaryimage\"},\"thumbnailUrl\":\"https:\/\/maisonkaylash.com\/wp-content\/uploads\/2024\/07\/IMG_6917-1.jpeg\",\"datePublished\":\"2024-07-21T20:08:22+00:00\",\"dateModified\":\"2026-02-20T21:45:47+00:00\",\"description\":\"Nos rouleaux de match pour les yeux ultra-collants vous rendront la vie bien plus simple au quotidien lors de vos poses d\u2019extensions de cils.\u00a0\",\"breadcrumb\":{\"@id\":\"https:\/\/maisonkaylash.com\/index.php\/produit\/patch-ultra-adhesif-pour-les-yeux-rouleau-de-110-pieces\/#breadcrumb\"},\"inLanguage\":\"en-US\",\"potentialAction\":[{\"@type\":\"ReadAction\",\"target\":[\"https:\/\/maisonkaylash.com\/index.php\/produit\/patch-ultra-adhesif-pour-les-yeux-rouleau-de-110-pieces\/\"]}]},{\"@type\":\"ImageObject\",\"inLanguage\":\"en-US\",\"@id\":\"https:\/\/maisonkaylash.com\/index.php\/produit\/patch-ultra-adhesif-pour-les-yeux-rouleau-de-110-pieces\/#primaryimage\",\"url\":\"https:\/\/maisonkaylash.com\/wp-content\/uploads\/2024\/07\/IMG_6917-1.jpeg\",\"contentUrl\":\"https:\/\/maisonkaylash.com\/wp-content\/uploads\/2024\/07\/IMG_6917-1.jpeg\",\"width\":1367,\"height\":1367},{\"@type\":\"BreadcrumbList\",\"@id\":\"https:\/\/maisonkaylash.com\/index.php\/produit\/patch-ultra-adhesif-pour-les-yeux-rouleau-de-110-pieces\/#breadcrumb\",\"itemListElement\":[{\"@type\":\"ListItem\",\"position\":1,\"name\":\"Accueil\",\"item\":\"https:\/\/maisonkaylash.com\/\"},{\"@type\":\"ListItem\",\"position\":2,\"name\":\"Boutique\",\"item\":\"https:\/\/maisonkaylash.com\/index.php\/boutique\/\"},{\"@type\":\"ListItem\",\"position\":3,\"name\":\"Patch ultra adh\u00e9sif pour les yeux &#8211; Rouleau de 110 pi\u00e8ces\"}]},{\"@type\":\"WebSite\",\"@id\":\"https:\/\/maisonkaylash.com\/#website\",\"url\":\"https:\/\/maisonkaylash.com\/\",\"name\":\"Maison Kaylash\",\"description\":\"\",\"potentialAction\":[{\"@type\":\"SearchAction\",\"target\":{\"@type\":\"EntryPoint\",\"urlTemplate\":\"https:\/\/maisonkaylash.com\/?s={search_term_string}\"},\"query-input\":{\"@type\":\"PropertyValueSpecification\",\"valueRequired\":true,\"valueName\":\"search_term_string\"}}],\"inLanguage\":\"en-US\"}]}<\/script>\n<!-- \/ Yoast SEO plugin. -->","yoast_head_json":{"title":"Patch ultra adh\u00e9sif pour les yeux - Rouleau de 110 pi\u00e8ces - Maison Kaylash","description":"Nos rouleaux de match pour les yeux ultra-collants vous rendront la vie bien plus simple au quotidien lors de vos poses d\u2019extensions de cils.\u00a0","robots":{"index":"index","follow":"follow","max-snippet":"max-snippet:-1","max-image-preview":"max-image-preview:large","max-video-preview":"max-video-preview:-1"},"canonical":"https:\/\/maisonkaylash.com\/index.php\/produit\/patch-ultra-adhesif-pour-les-yeux-rouleau-de-110-pieces\/","og_locale":"en_US","og_type":"article","og_title":"Patch ultra adh\u00e9sif pour les yeux - Rouleau de 110 pi\u00e8ces - Maison Kaylash","og_description":"Nos rouleaux de match pour les yeux ultra-collants vous rendront la vie bien plus simple au quotidien lors de vos poses d\u2019extensions de cils.\u00a0","og_url":"https:\/\/maisonkaylash.com\/index.php\/produit\/patch-ultra-adhesif-pour-les-yeux-rouleau-de-110-pieces\/","og_site_name":"Maison Kaylash","article_modified_time":"2026-02-20T21:45:47+00:00","og_image":[{"width":1367,"height":1367,"url":"http:\/\/maisonkaylash.com\/wp-content\/uploads\/2024\/07\/IMG_6917-1.jpeg","type":"image\/jpeg"}],"twitter_card":"summary_large_image","twitter_misc":{"Est. reading time":"2 minutes"},"schema":{"@context":"https:\/\/schema.org","@graph":[{"@type":"WebPage","@id":"https:\/\/maisonkaylash.com\/index.php\/produit\/patch-ultra-adhesif-pour-les-yeux-rouleau-de-110-pieces\/","url":"https:\/\/maisonkaylash.com\/index.php\/produit\/patch-ultra-adhesif-pour-les-yeux-rouleau-de-110-pieces\/","name":"Patch ultra adh\u00e9sif pour les yeux - Rouleau de 110 pi\u00e8ces - Maison Kaylash","isPartOf":{"@id":"https:\/\/maisonkaylash.com\/#website"},"primaryImageOfPage":{"@id":"https:\/\/maisonkaylash.com\/index.php\/produit\/patch-ultra-adhesif-pour-les-yeux-rouleau-de-110-pieces\/#primaryimage"},"image":{"@id":"https:\/\/maisonkaylash.com\/index.php\/produit\/patch-ultra-adhesif-pour-les-yeux-rouleau-de-110-pieces\/#primaryimage"},"thumbnailUrl":"https:\/\/maisonkaylash.com\/wp-content\/uploads\/2024\/07\/IMG_6917-1.jpeg","datePublished":"2024-07-21T20:08:22+00:00","dateModified":"2026-02-20T21:45:47+00:00","description":"Nos rouleaux de match pour les yeux ultra-collants vous rendront la vie bien plus simple au quotidien lors de vos poses d\u2019extensions de cils.\u00a0","breadcrumb":{"@id":"https:\/\/maisonkaylash.com\/index.php\/produit\/patch-ultra-adhesif-pour-les-yeux-rouleau-de-110-pieces\/#breadcrumb"},"inLanguage":"en-US","potentialAction":[{"@type":"ReadAction","target":["https:\/\/maisonkaylash.com\/index.php\/produit\/patch-ultra-adhesif-pour-les-yeux-rouleau-de-110-pieces\/"]}]},{"@type":"ImageObject","inLanguage":"en-US","@id":"https:\/\/maisonkaylash.com\/index.php\/produit\/patch-ultra-adhesif-pour-les-yeux-rouleau-de-110-pieces\/#primaryimage","url":"https:\/\/maisonkaylash.com\/wp-content\/uploads\/2024\/07\/IMG_6917-1.jpeg","contentUrl":"https:\/\/maisonkaylash.com\/wp-content\/uploads\/2024\/07\/IMG_6917-1.jpeg","width":1367,"height":1367},{"@type":"BreadcrumbList","@id":"https:\/\/maisonkaylash.com\/index.php\/produit\/patch-ultra-adhesif-pour-les-yeux-rouleau-de-110-pieces\/#breadcrumb","itemListElement":[{"@type":"ListItem","position":1,"name":"Accueil","item":"https:\/\/maisonkaylash.com\/"},{"@type":"ListItem","position":2,"name":"Boutique","item":"https:\/\/maisonkaylash.com\/index.php\/boutique\/"},{"@type":"ListItem","position":3,"name":"Patch ultra adh\u00e9sif pour les yeux &#8211; Rouleau de 110 pi\u00e8ces"}]},{"@type":"WebSite","@id":"https:\/\/maisonkaylash.com\/#website","url":"https:\/\/maisonkaylash.com\/","name":"Maison Kaylash","description":"","potentialAction":[{"@type":"SearchAction","target":{"@type":"EntryPoint","urlTemplate":"https:\/\/maisonkaylash.com\/?s={search_term_string}"},"query-input":{"@type":"PropertyValueSpecification","valueRequired":true,"valueName":"search_term_string"}}],"inLanguage":"en-US"}]}},"_links":{"self":[{"href":"https:\/\/maisonkaylash.com\/index.php\/wp-json\/wp\/v2\/product\/651","targetHints":{"allow":["GET"]}}],"collection":[{"href":"https:\/\/maisonkaylash.com\/index.php\/wp-json\/wp\/v2\/product"}],"about":[{"href":"https:\/\/maisonkaylash.com\/index.php\/wp-json\/wp\/v2\/types\/product"}],"replies":[{"embeddable":true,"href":"https:\/\/maisonkaylash.com\/index.php\/wp-json\/wp\/v2\/comments?post=651"}],"wp:featuredmedia":[{"embeddable":true,"href":"https:\/\/maisonkaylash.com\/index.php\/wp-json\/wp\/v2\/media\/1288"}],"wp:attachment":[{"href":"https:\/\/maisonkaylash.com\/index.php\/wp-json\/wp\/v2\/media?parent=651"}],"wp:term":[{"taxonomy":"product_brand","embeddable":true,"href":"https:\/\/maisonkaylash.com\/index.php\/wp-json\/wp\/v2\/product_brand?post=651"},{"taxonomy":"product_cat","embeddable":true,"href":"https:\/\/maisonkaylash.com\/index.php\/wp-json\/wp\/v2\/product_cat?post=651"},{"taxonomy":"product_tag","embeddable":true,"href":"https:\/\/maisonkaylash.com\/index.php\/wp-json\/wp\/v2\/product_tag?post=651"}],"curies":[{"name":"wp","href":"https:\/\/api.w.org\/{rel}","templated":true}]}}