{"id":648,"date":"2024-07-21T21:47:56","date_gmt":"2024-07-21T19:47:56","guid":{"rendered":"https:\/\/maisonkaylash.com\/?post_type=product&#038;p=648"},"modified":"2026-02-21T20:07:52","modified_gmt":"2026-02-21T19:07:52","slug":"extension-de-cils-la-somptueuse-volume-007-d","status":"publish","type":"product","link":"https:\/\/maisonkaylash.com\/index.php\/produit\/extension-de-cils-la-somptueuse-volume-007-d\/","title":{"rendered":"LA SOMPTUEUSE VOLUME &#8211;  0,07 D"},"content":{"rendered":"<p class=\"x_p1\"><span class=\"x_s1\">Caract\u00e9ristiques :<\/span><\/p>\n<ul class=\"x_ul1\">\n<li class=\"x_li1\"><span class=\"x_s1\">\u00a0<span class=\"x_Apple-converted-space\">\u00a0<\/span>Noir intense et matte<\/span><\/li>\n<li class=\"x_li1\"><span class=\"x_s1\">\u00a0<span class=\"x_Apple-converted-space\">\u00a0<\/span>Bouquets faciles \u00e0 cr\u00e9er<\/span><\/li>\n<li class=\"x_li1\"><span class=\"x_s1\">\u00a0<span class=\"x_Apple-converted-space\">\u00a0<\/span>Id\u00e9ales pour les poses volumes russes<\/span><\/li>\n<li class=\"x_li1\"><span class=\"x_s1\">\u00a0<span class=\"x_Apple-converted-space\">\u00a0<\/span>Palette de 12 rang\u00e9es<\/span><\/li>\n<li class=\"x_li1\"><span class=\"x_s1\">\u00a0<span class=\"x_Apple-converted-space\">\u00a0<\/span>Extensions l\u00e9g\u00e8res, souples et agr\u00e9ables au toucher<\/span><\/li>\n<li class=\"x_li1\"><span class=\"x_s1\">\u00a0<span class=\"x_Apple-converted-space\">\u00a0<\/span>Epaisseur 0.07<\/span><\/li>\n<li class=\"x_li1\"><span class=\"x_s1\">\u00a0<span class=\"x_Apple-converted-space\">\u00a0<\/span>Courbure D<\/span><\/li>\n<li class=\"x_li1\"><span class=\"x_s1\">\u00a0<span class=\"x_Apple-converted-space\">\u00a0<\/span>Du 8 au 14 mm<\/span><\/li>\n<\/ul>\n","protected":false},"excerpt":{"rendered":"<p>Retrouvez nos nouvelles palettes taille mixte d&#8217;extensions de cils d&#8217;une qualit\u00e9 imparable, pas d&#8217;effet brillant, ni d&#8217;effet plastique. Promettez \u00e0 vos clientes une l\u00e9g\u00e8ret\u00e9 incroyable.<\/p>\n","protected":false},"featured_media":824,"comment_status":"open","ping_status":"closed","template":"","meta":[],"product_brand":[],"product_cat":[37],"product_tag":[],"class_list":{"0":"post-648","1":"product","2":"type-product","3":"status-publish","4":"has-post-thumbnail","6":"product_cat-cils","8":"first","9":"instock","10":"shipping-taxable","11":"purchasable","12":"product-type-simple"},"yoast_head":"<!-- This site is optimized with the Yoast SEO plugin v27.1.1 - https:\/\/yoast.com\/product\/yoast-seo-wordpress\/ -->\n<title>LA SOMPTUEUSE VOLUME - 0,07 D - Maison Kaylash<\/title>\n<meta name=\"description\" content=\"LA SOMPTUEUSE VOLUME - 0,07 D Les palettes d&#039;extensions de cils maison kaylash taille mixte sont d&#039;une qualit\u00e9 imparable, pas d&#039;effet brillant, ni d&#039;effet plastique.\" \/>\n<meta name=\"robots\" content=\"index, follow, max-snippet:-1, max-image-preview:large, max-video-preview:-1\" \/>\n<link rel=\"canonical\" href=\"https:\/\/maisonkaylash.com\/index.php\/produit\/extension-de-cils-la-somptueuse-volume-007-d\/\" \/>\n<meta property=\"og:locale\" content=\"en_US\" \/>\n<meta property=\"og:type\" content=\"article\" \/>\n<meta property=\"og:title\" content=\"LA SOMPTUEUSE VOLUME - 0,07 D - Maison Kaylash\" \/>\n<meta property=\"og:description\" content=\"LA SOMPTUEUSE VOLUME - 0,07 D Les palettes d&#039;extensions de cils maison kaylash taille mixte sont d&#039;une qualit\u00e9 imparable, pas d&#039;effet brillant, ni d&#039;effet plastique.\" \/>\n<meta property=\"og:url\" content=\"https:\/\/maisonkaylash.com\/index.php\/produit\/extension-de-cils-la-somptueuse-volume-007-d\/\" \/>\n<meta property=\"og:site_name\" content=\"Maison Kaylash\" \/>\n<meta property=\"article:modified_time\" content=\"2026-02-21T19:07:52+00:00\" \/>\n<meta property=\"og:image\" content=\"http:\/\/maisonkaylash.com\/wp-content\/uploads\/2024\/07\/IMG_4051-1-scaled-e1721744249590.jpeg\" \/>\n\t<meta property=\"og:image:width\" content=\"1709\" \/>\n\t<meta property=\"og:image:height\" content=\"2120\" \/>\n\t<meta property=\"og:image:type\" content=\"image\/jpeg\" \/>\n<meta name=\"twitter:card\" content=\"summary_large_image\" \/>\n<meta name=\"twitter:label1\" content=\"Est. reading time\" \/>\n\t<meta name=\"twitter:data1\" content=\"1 minute\" \/>\n<script type=\"application\/ld+json\" class=\"yoast-schema-graph\">{\"@context\":\"https:\/\/schema.org\",\"@graph\":[{\"@type\":\"WebPage\",\"@id\":\"https:\/\/maisonkaylash.com\/index.php\/produit\/extension-de-cils-la-somptueuse-volume-007-d\/\",\"url\":\"https:\/\/maisonkaylash.com\/index.php\/produit\/extension-de-cils-la-somptueuse-volume-007-d\/\",\"name\":\"LA SOMPTUEUSE VOLUME - 0,07 D - Maison Kaylash\",\"isPartOf\":{\"@id\":\"https:\/\/maisonkaylash.com\/#website\"},\"primaryImageOfPage\":{\"@id\":\"https:\/\/maisonkaylash.com\/index.php\/produit\/extension-de-cils-la-somptueuse-volume-007-d\/#primaryimage\"},\"image\":{\"@id\":\"https:\/\/maisonkaylash.com\/index.php\/produit\/extension-de-cils-la-somptueuse-volume-007-d\/#primaryimage\"},\"thumbnailUrl\":\"https:\/\/maisonkaylash.com\/wp-content\/uploads\/2024\/07\/IMG_4051-1-scaled-e1721744249590.jpeg\",\"datePublished\":\"2024-07-21T19:47:56+00:00\",\"dateModified\":\"2026-02-21T19:07:52+00:00\",\"description\":\"LA SOMPTUEUSE VOLUME - 0,07 D Les palettes d'extensions de cils maison kaylash taille mixte sont d'une qualit\u00e9 imparable, pas d'effet brillant, ni d'effet plastique.\",\"breadcrumb\":{\"@id\":\"https:\/\/maisonkaylash.com\/index.php\/produit\/extension-de-cils-la-somptueuse-volume-007-d\/#breadcrumb\"},\"inLanguage\":\"en-US\",\"potentialAction\":[{\"@type\":\"ReadAction\",\"target\":[\"https:\/\/maisonkaylash.com\/index.php\/produit\/extension-de-cils-la-somptueuse-volume-007-d\/\"]}]},{\"@type\":\"ImageObject\",\"inLanguage\":\"en-US\",\"@id\":\"https:\/\/maisonkaylash.com\/index.php\/produit\/extension-de-cils-la-somptueuse-volume-007-d\/#primaryimage\",\"url\":\"https:\/\/maisonkaylash.com\/wp-content\/uploads\/2024\/07\/IMG_4051-1-scaled-e1721744249590.jpeg\",\"contentUrl\":\"https:\/\/maisonkaylash.com\/wp-content\/uploads\/2024\/07\/IMG_4051-1-scaled-e1721744249590.jpeg\",\"width\":1709,\"height\":2120},{\"@type\":\"BreadcrumbList\",\"@id\":\"https:\/\/maisonkaylash.com\/index.php\/produit\/extension-de-cils-la-somptueuse-volume-007-d\/#breadcrumb\",\"itemListElement\":[{\"@type\":\"ListItem\",\"position\":1,\"name\":\"Accueil\",\"item\":\"https:\/\/maisonkaylash.com\/\"},{\"@type\":\"ListItem\",\"position\":2,\"name\":\"Boutique\",\"item\":\"https:\/\/maisonkaylash.com\/index.php\/boutique\/\"},{\"@type\":\"ListItem\",\"position\":3,\"name\":\"LA SOMPTUEUSE VOLUME &#8211; 0,07 D\"}]},{\"@type\":\"WebSite\",\"@id\":\"https:\/\/maisonkaylash.com\/#website\",\"url\":\"https:\/\/maisonkaylash.com\/\",\"name\":\"Maison Kaylash\",\"description\":\"\",\"potentialAction\":[{\"@type\":\"SearchAction\",\"target\":{\"@type\":\"EntryPoint\",\"urlTemplate\":\"https:\/\/maisonkaylash.com\/?s={search_term_string}\"},\"query-input\":{\"@type\":\"PropertyValueSpecification\",\"valueRequired\":true,\"valueName\":\"search_term_string\"}}],\"inLanguage\":\"en-US\"}]}<\/script>\n<!-- \/ Yoast SEO plugin. -->","yoast_head_json":{"title":"LA SOMPTUEUSE VOLUME - 0,07 D - Maison Kaylash","description":"LA SOMPTUEUSE VOLUME - 0,07 D Les palettes d'extensions de cils maison kaylash taille mixte sont d'une qualit\u00e9 imparable, pas d'effet brillant, ni d'effet plastique.","robots":{"index":"index","follow":"follow","max-snippet":"max-snippet:-1","max-image-preview":"max-image-preview:large","max-video-preview":"max-video-preview:-1"},"canonical":"https:\/\/maisonkaylash.com\/index.php\/produit\/extension-de-cils-la-somptueuse-volume-007-d\/","og_locale":"en_US","og_type":"article","og_title":"LA SOMPTUEUSE VOLUME - 0,07 D - Maison Kaylash","og_description":"LA SOMPTUEUSE VOLUME - 0,07 D Les palettes d'extensions de cils maison kaylash taille mixte sont d'une qualit\u00e9 imparable, pas d'effet brillant, ni d'effet plastique.","og_url":"https:\/\/maisonkaylash.com\/index.php\/produit\/extension-de-cils-la-somptueuse-volume-007-d\/","og_site_name":"Maison Kaylash","article_modified_time":"2026-02-21T19:07:52+00:00","og_image":[{"width":1709,"height":2120,"url":"http:\/\/maisonkaylash.com\/wp-content\/uploads\/2024\/07\/IMG_4051-1-scaled-e1721744249590.jpeg","type":"image\/jpeg"}],"twitter_card":"summary_large_image","twitter_misc":{"Est. reading time":"1 minute"},"schema":{"@context":"https:\/\/schema.org","@graph":[{"@type":"WebPage","@id":"https:\/\/maisonkaylash.com\/index.php\/produit\/extension-de-cils-la-somptueuse-volume-007-d\/","url":"https:\/\/maisonkaylash.com\/index.php\/produit\/extension-de-cils-la-somptueuse-volume-007-d\/","name":"LA SOMPTUEUSE VOLUME - 0,07 D - Maison Kaylash","isPartOf":{"@id":"https:\/\/maisonkaylash.com\/#website"},"primaryImageOfPage":{"@id":"https:\/\/maisonkaylash.com\/index.php\/produit\/extension-de-cils-la-somptueuse-volume-007-d\/#primaryimage"},"image":{"@id":"https:\/\/maisonkaylash.com\/index.php\/produit\/extension-de-cils-la-somptueuse-volume-007-d\/#primaryimage"},"thumbnailUrl":"https:\/\/maisonkaylash.com\/wp-content\/uploads\/2024\/07\/IMG_4051-1-scaled-e1721744249590.jpeg","datePublished":"2024-07-21T19:47:56+00:00","dateModified":"2026-02-21T19:07:52+00:00","description":"LA SOMPTUEUSE VOLUME - 0,07 D Les palettes d'extensions de cils maison kaylash taille mixte sont d'une qualit\u00e9 imparable, pas d'effet brillant, ni d'effet plastique.","breadcrumb":{"@id":"https:\/\/maisonkaylash.com\/index.php\/produit\/extension-de-cils-la-somptueuse-volume-007-d\/#breadcrumb"},"inLanguage":"en-US","potentialAction":[{"@type":"ReadAction","target":["https:\/\/maisonkaylash.com\/index.php\/produit\/extension-de-cils-la-somptueuse-volume-007-d\/"]}]},{"@type":"ImageObject","inLanguage":"en-US","@id":"https:\/\/maisonkaylash.com\/index.php\/produit\/extension-de-cils-la-somptueuse-volume-007-d\/#primaryimage","url":"https:\/\/maisonkaylash.com\/wp-content\/uploads\/2024\/07\/IMG_4051-1-scaled-e1721744249590.jpeg","contentUrl":"https:\/\/maisonkaylash.com\/wp-content\/uploads\/2024\/07\/IMG_4051-1-scaled-e1721744249590.jpeg","width":1709,"height":2120},{"@type":"BreadcrumbList","@id":"https:\/\/maisonkaylash.com\/index.php\/produit\/extension-de-cils-la-somptueuse-volume-007-d\/#breadcrumb","itemListElement":[{"@type":"ListItem","position":1,"name":"Accueil","item":"https:\/\/maisonkaylash.com\/"},{"@type":"ListItem","position":2,"name":"Boutique","item":"https:\/\/maisonkaylash.com\/index.php\/boutique\/"},{"@type":"ListItem","position":3,"name":"LA SOMPTUEUSE VOLUME &#8211; 0,07 D"}]},{"@type":"WebSite","@id":"https:\/\/maisonkaylash.com\/#website","url":"https:\/\/maisonkaylash.com\/","name":"Maison Kaylash","description":"","potentialAction":[{"@type":"SearchAction","target":{"@type":"EntryPoint","urlTemplate":"https:\/\/maisonkaylash.com\/?s={search_term_string}"},"query-input":{"@type":"PropertyValueSpecification","valueRequired":true,"valueName":"search_term_string"}}],"inLanguage":"en-US"}]}},"_links":{"self":[{"href":"https:\/\/maisonkaylash.com\/index.php\/wp-json\/wp\/v2\/product\/648","targetHints":{"allow":["GET"]}}],"collection":[{"href":"https:\/\/maisonkaylash.com\/index.php\/wp-json\/wp\/v2\/product"}],"about":[{"href":"https:\/\/maisonkaylash.com\/index.php\/wp-json\/wp\/v2\/types\/product"}],"replies":[{"embeddable":true,"href":"https:\/\/maisonkaylash.com\/index.php\/wp-json\/wp\/v2\/comments?post=648"}],"wp:featuredmedia":[{"embeddable":true,"href":"https:\/\/maisonkaylash.com\/index.php\/wp-json\/wp\/v2\/media\/824"}],"wp:attachment":[{"href":"https:\/\/maisonkaylash.com\/index.php\/wp-json\/wp\/v2\/media?parent=648"}],"wp:term":[{"taxonomy":"product_brand","embeddable":true,"href":"https:\/\/maisonkaylash.com\/index.php\/wp-json\/wp\/v2\/product_brand?post=648"},{"taxonomy":"product_cat","embeddable":true,"href":"https:\/\/maisonkaylash.com\/index.php\/wp-json\/wp\/v2\/product_cat?post=648"},{"taxonomy":"product_tag","embeddable":true,"href":"https:\/\/maisonkaylash.com\/index.php\/wp-json\/wp\/v2\/product_tag?post=648"}],"curies":[{"name":"wp","href":"https:\/\/api.w.org\/{rel}","templated":true}]}}